ivided by i.
6
Calculate the remainder when 56 is divided by 22*((-6)/(-45) + (-112)/(-60)).
12
Calculate the remainder when (6 - (1 + 4) - -1) + 148 is divided by 22.
18
Let p(m) = -m**3 + 29*m**2 - 3*m + 103. What is the remainder when 26 is divided by p(29)?
10
Let a(g) be the first derivative of g**3/3 + 9*g**2/2 + 16*g - 7. Let v be a(-7). Calculate the remainder when 6 is divided by (v/4)/(4/24).
0
Suppose 8 = -t + 2*t + 4*z, 0 = 3*t + 4*z - 56. Suppose m = -t + 43. What is the remainder when m is divided by 7?
5
Suppose -4*p + 20 = 0, p + 151 = 3*x - 3*p. Let g = -148 + 75. Let n = 88 + g. Calculate the remainder when x is divided by n.
12
Let w = -2 - -3. What is the remainder when 52 + 1 + w + 1 is divided by 770/56 - 1/(-4)?
13
Suppose -5*v = -18 + 3. Let c be 0*v/12 + -4. Calculate the remainder when 17 is divided by ((-3)/6)/(c/48).
5
What is the remainder when 68 is divided by 5*(-42)/(-35)*(-7)/(-3)?
12
Let b = 197 + -37. What is the remainder when b is divided by 25?
10
Suppose -5*j - 9 = g - 77, -5*g = -5*j - 250. What is the remainder when g is divided by 23?
7
Let u(p) = -p**2 + p + 4. Let t be u(2). Suppose 30 = 3*b - t*h + 5*h, -5*b + 3*h + 82 = 0. Calculate the remainder when 67 is divided by b.
11
Suppose -3*m + 261 = -0*m. Calculate the remainder when m is divided by (39 - -7) + (-4 - -3).
42
Let f be 1720/26 + 12/(-78). Suppose 4*o - 48 = 2*p + f, 0 = 2*o + 3*p - 53. What is the remainder when (-9)/(-2*3/54) is divided by o?
25
Suppose 0 = 4*k + 3*y - 192, -4*y - 259 = -5*k + 12. What is the remainder when k is divided by 15?
6
Suppose 0 + 12 = -3*d + 3*w, -5*d = -4*w + 15. Let o(b) = -b**3 + 2*b**2 - 1. Let n be o(-1). Suppose t = -1 + n. What is the remainder when d is divided by t?
0
Suppose -1059*c + 1067*c = 448. Calculate the remainder when c is divided by ((-2)/(-4))/(2/116).
27
Suppose 3*f - 165 = -3*c, -3*c - 232 - 16 = -4*f. What is the remainder when f is divided by 21?
17
Let r = 229 + -225. Calculate the remainder when 10 is divided by r.
2
Let n(o) = -o**3 + 5*o**2 + 4*o - 1. Let a(z) = -2*z**2 - 94*z - 928. What is the remainder when a(-32) is divided by n(5)?
13
Suppose -4*z + 74 = 5*f - 0*f, -3*f = 3*z - 42. Let s = 869 - 859. What is the remainder when f is divided by s?
8
Let t = 11 + -22. Suppose -2*b - 26 = -4*v, -3*v = 2*b + 2*b - 36. Let w = v - t. What is the remainder when w is divided by 12?
7
Let w = 532 + -433. Calculate the remainder when 490 is divided by w.
94
Suppose 3*f + 3*r = 54, 2*r + 10 = 4*r. Let n = -35 + f. Let v = -13 - n. What is the remainder when v is divided by 3?
0
What is the remainder when 176 is divided by -16*(92/(-48) - (-8)/12)?
16
Let d = -2794 + 2817. Let h(n) = -n**3 - 6*n**2 - 8*n - 6. Calculate the remainder when d is divided by h(-5).
5
Suppose p - 27 = -v, 3*p + 89 = 6*p - v. Suppose -4*q + p + 51 = 0. Calculate the remainder when 59 is divided by q.
19
Let d = 1167 + -1160. Calculate the remainder when 305 is divided by d.
4
Let w = -1146 + 1225. What is the remainder when w is divided by 74?
5
Suppose 0 = y + 3 - 2. Let m = y - -2. Calculate the remainder when 2 is divided by m.
0
Let z(x) be the first derivative of -11*x**2/2 - 27*x - 23. Calculate the remainder when z(-4) is divided by 7.
3
Let x = -7 - -38. Suppose 5*r + 0*z - 3 = 4*z, 4*z = -2*r + 18. Suppose r*n = -5*y + 29 + 32, -y - 2*n + 15 = 0. Calculate the remainder when x is divided by y.
9
Let h = 199 - 196. Suppose 2*m + 40 = -f + 3*f, -3*m = f - 4. What is the remainder when f is divided by h?
1
Suppose -295*g = -288*g - 315. Calculate the remainder when 764 is divided by g.
44
Let y(a) = -3*a + 13. Let b be y(9). Let r = b - -26. What is the remainder when 23 is divided by r?
11
Suppose 5*a + 4*n = 12, 0 = 3*a + 3*n - 11 + 5. Suppose -i - 6*x + 59 = -x, 86 = i - a*x. What is the remainder when i is divided by 25?
24
What is the remainder when (1444 - 29)*((-4)/(-10))/2 is divided by 32?
27
Suppose -5*j - 35*n = -33*n - 183, 3*j + 2*n = 109. Calculate the remainder when 78 is divided by j.
4
Suppose 0 = 27*r - 26*r - 12. Calculate the remainder when 189 is divided by r.
9
Suppose 4*p = 2*v - 6*v + 760, -2 = 2*p. Calculate the remainder when v is divided by 23.
7
Let z = -70 - -89. Calculate the remainder when z is divided by 5.
4
Suppose -17 = 2*m - 2*d - 27, 3*d = -m + 21. What is the remainder when 25 is divided by m?
7
Let n = 18 - -18. Suppose -5*y - 4*j = -45, 0 = -2*y + 6*y + 5*j - n. What is the remainder when 52 is divided by y?
7
Suppose -15 = -z + 18. Suppose n - w + 3 = 20, -5*n + 40 = 4*w. What is the remainder when z is divided by n?
9
Let h = 25 - 9. Let r be 1 + (62 - (-7 - -3)). Suppose 3*n = 2*j - r, 0 = -4*j + n - 3*n + 110. What is the remainder when j is divided by h?
13
Let l(t) = 2*t**3 + 59*t**2 - 29*t + 51. What is the remainder when 29 is divided by l(-30)?
8
Suppose -8*h - 91 + 179 = 0. Calculate the remainder when h is divided by 6.
5
Suppose -1518 + 493 = -17*z + 1100. Suppose 0 = -5*n + 3*a - 4*a + 127, 2*n + a = 49. Calculate the remainder when z is divided by n.
21
Let r(a) = -a**2 + 6*a - 5. Let p be r(5). Let f(b) = b**2 - b - 13. Let w be f(p). Let z = w + 47. Calculate the remainder when z is divided by 12.
10
Let f = 8 + 1. Calculate the remainder when 368 is divided by f.
8
Suppose 48 = -m + 6*m + 2*b, m = -5*b + 5. Calculate the remainder when 67 is divided by m.
7
Suppose 3 + 2 = 2*f + 3*l, -5*f + 25 = -5*l. Let w = 12 - 10. Suppose -28 = -f*t + w*t. Calculate the remainder when 38 is divided by t.
10
Suppose 0 = 404*a - 409*a + 3270. Calculate the remainder when a is divided by 94.
90
Let t = 949 - 916. What is the remainder when 108 is divided by t?
9
Suppose -2*t - 40 = -o, 3*o - 8*o - 4*t = -200. Calculate the remainder when o is divided by (-21 + 0)/(5/(-5)).
19
What is the remainder when 124 is divided by 34 - (-2*(-6)/12 + -1)?
22
Let b = 290 + -207. Let m = -60 + b. What is the remainder when ((-3)/9)/((-2)/534) is divided by m?
20
Suppose -2*n = -20*s + 25*s - 113, -s = -4*n + 237. Calculate the remainder when 291 is divided by n.
55
Suppose -5*p - 3*a = -95, 5*a - 12 = 13. Let b(c) = -6 - 16*c**2 - 2*c + 5*c - c + c**3 - 18. What is the remainder when 23 is divided by b(p)?
7
Suppose -6*k + 3*k + 565 = -a, 0 = 3*k + 4*a - 560. Calculate the remainder when k is divided by 64.
60
Suppose -3*m - 66 = -5*h, 0 = 5*h + m + m - 56. Let f(y) = 23*y**3 - y**2 + 8*y - 8. What is the remainder when f(1) is divided by h?
10
Let j = 467 - 216. Calculate the remainder when j is divided by 14.
13
Let j = -67 - -126. Let w = j - 17. What is the remainder when w is divided by 25?
17
Let b(i) = 9*i**2 + 4*i + 3. Let r be b(-2). Let d = 87 - r. Calculate the remainder when d is divided by 30.
26
Let o(g) = g**2 + 38*g - 528. Calculate the remainder when o(-52) is divided by 42.
32
Suppose 10*s - 213 = 157. What is the remainder when 70 is divided by s?
33
Let a be (-1 - 107) + 0 + 0. Let c = a - -55. Let w = -37 - c. What is the remainder when 46 is divided by w?
14
Let i = 2334 + -2270. Calculate the remainder when 506 is divided by i.
58
Let l(g) = g**2 + 4*g + 20. Calculate the remainder when l(-7) is divided by 21.
20
Suppose -13*z = -18*z - 3*x + 262, -154 = -3*z - 5*x. Calculate the remainder when 101 is divided by z.
48
Let c(j) = 5*j - 13. Let i(n) = n**2 + 6*n + 1. Let y be i(-7). Calculate the remainder when c(y) is divided by (-4)/(-14) + 96/7.
13
Calculate the remainder when 74 is divided by (-300)/(-7) - ((-11)/(-1))/(-77).
31
Suppose 0*v - 16 = -2*v. Suppose -73 = -v*g - 17. Calculate the remainder when 18 is divided by g.
4
Suppose -25*z = -26*z - 4*c + 321, 0 = -4*z - 5*c + 1251. Calculate the remainder when z is divided by 62.
61
Suppose 0 = -15*i + 20*i - 10. Suppose -a + 2*c = a - 76, -i*a = -c - 76. Calculate the remainder when 149 is divided by a.
35
Let k(b) = -7*b + 7. Let c(g) = -g**2 - 32*g - 53. What is the remainder when k(0) is divided by c(-30)?
0
Let i(z) = 6 - z + 6*z + 0*z - 5*z**2 - z**3. Let k be i(-6). Let y = k - 6. What is the remainder when y is divided by 4?
2
Calculate the remainder when 436/6 - (-13)/(312/(-16)) is divided by 25.
22
Suppose 3*t + 2*k - 22 = -0*k, 5*t = 4*k + 44. What is the remainder when -15*2*63/(-35) 